74 - (60 + -64)) is divided by 38.
36
Let v(i) = 98*i**2 - i + 1. Suppose 240*z = 101777 - 32417. Calculate the remainder when z is divided by v(1).
93
Let y be 247 - 2/16*0. Suppose 3 - 23 = 5*i, -l - 4*i = -y. Calculate the remainder when l is divided by 46.
33
Let t(p) = 2*p**3 + 25*p**2 - 61*p - 445. Calculate the remainder when t(-12) is divided by 116.
83
Suppose -2*n + 3*q + 4 = -0*n, 12 = 4*n - 5*q. Let i = 0 + n. Suppose 11*g - 947 = -694. Calculate the remainder when g is divided by i.
7
Let c(g) = 7*g - 10. Suppose 3*w - 31 = -13. Let s = 58 - -68. Calculate the remainder when s is divided by c(w).
30
Let b(t) = -t - 4. Let f(c) = -4*c**2 - 4*c + 4. Let g(i) = 12*b(i) - f(i). What is the remainder when g(-5) is divided by 38?
12
Suppose 0 = 5*d - k - 661, -2*d + 2*k + 211 = -63. Calculate the remainder when d is divided by 35.
26
Suppose -1586 - 6415 = -7*z. What is the remainder when z is divided by (-2)/10 - (2997/15)/(-9)?
21
Let y = -23450 + 23461. Let h = 22 - 16. What is the remainder when y is divided by (h/(-5))/((-1)/5)?
5
Let z = -5908 - -5979. What is the remainder when 282 is divided by z?
69
Suppose -9*i + 3654 = 15*i - 4362. What is the remainder when i is divided by 175?
159
Let p(u) = -2*u - 29. Let s be p(-12). Let h = -9 - s. What is the remainder when -50*((-1)/h + (-60)/16) is divided by 44?
43
What is the remainder when 5629 is divided by 351/(1 - 40) - 26/(-2)?
1
Let i(t) = -78*t**2 + 7*t + 5. Let j be i(-3). Let v = j + 762. What is the remainder when 216 is divided by v?
40
Let h = 5 + -5. Suppose -172*b + 145*b + 135 = 0. Suppose 0 = -2*m - h*m + b*v + 34, -3*m + v + 38 = 0. Calculate the remainder when 82 is divided by m.
10
Suppose 0 = -5*y - 5*z + 3175, y - 4*z = z + 611. Let g = -364 + y. Suppose -18*r + 32*r - 630 = 0. What is the remainder when g is divided by r?
42
Let a = 118 - 100. Suppose -l - 3*d + 179 + 76 = 0, -5*l + 1311 = 6*d. Calculate the remainder when l is divided by a.
15
Let b = 4 - -28. Calculate the remainder when 51 + (-5 + 2 - -6) is divided by b.
22
Suppose 1710 = 5*z + 5*g, 2*z = -3*g + 392 + 293. Calculate the remainder when 1035 is divided by z.
12
Let c = -4086 + 7582. Calculate the remainder when c is divided by 106.
104
Suppose 5*r + 519 - 86 = 3*b, 0 = -2*b + 5*r + 277. What is the remainder when 623 is divided by b?
155
Let z = -185 - -183. Calculate the remainder when (1480/20)/(z/(-3)) is divided by 39.
33
Let h(t) = -t**2 - 35*t - 63. Let z be h(-26). Let g = z - 53. Calculate the remainder when g is divided by 24.
22
Let y(d) = d**3 - 3*d**2 + 3*d - 6. Suppose 2*t - 16 = 3*t - 5*r, 28 = 4*t + 3*r. What is the remainder when y(t) is divided by (-287)/(-14) + (-10)/12*3?
4
Let d(y) = y**3 - 26*y**2 - 190*y + 97. Calculate the remainder when 629 is divided by d(32).
146
Let m(p) = 3*p**2 - 114*p - 1660. What is the remainder when m(50) is divided by 261/(-6)*4/(-6)?
24
Suppose -2*y + 20 = 247*m - 252*m, 6 = y - 3*m. Calculate the remainder when 11818 is divided by y.
28
Suppose -2*s - 185 = 5*z, 6*s - s = -4*z - 131. What is the remainder when 59 is divided by (-12)/(-10)*(z/(-2) + 8)?
26
Let v(q) = -2*q**2 + 7*q - 4. Let f be v(2). Suppose -b + 5*y - 122 = -5*b, 4 = -f*y. What is the remainder when 62 is divided by b?
29
Let k be (114/(-18))/(1/(-3)). Suppose 77 = 2*v + k. Calculate the remainder when v is divided by 12.
5
Let t = 77 - 36. Let k be (1 + -5)*(12/(-2))/3. What is the remainder when t is divided by -65*k/(-40) + 10?
18
Let w = 4106 - 4094. What is the remainder when 323 is divided by w?
11
What is the remainder when 200/(-175) + 1/((-35)/(-18240)) is divided by 30?
10
Let n be ((-8)/(-14))/(2/14). What is the remainder when (-1 + n)*(-185)/(-15) is divided by -2*(-28)/7 + 0?
5
Suppose -745*c - 666215 + 990991 = -760689. Calculate the remainder when c is divided by 294.
281
Suppose -2*k - 82 = -7*k + j, -5*k + 72 = 4*j. Let a(w) = 620*w - 23543. Calculate the remainder when a(38) is divided by k.
1
Let i = 17 - -76. Let l(b) = -b**3 + 20*b**2 - 20*b + 26. Let a be l(19). Suppose -19 = 6*d - a*d. Calculate the remainder when i is divided by d.
17
Let z(g) = -23*g - 277. Let b be z(-29). Let j = 528 - b. Suppose -l = 3*l - 188. Calculate the remainder when j is divided by l.
44
Let l = 404 + -401. Suppose 71 = 2*d + 3*z - 4*z, 4*d - 147 = 3*z. What is the remainder when d is divided by l?
0
Let n(r) = 311*r - 607. What is the remainder when 192 is divided by n(2)?
12
Let x = -346 + 448. What is the remainder when 189 is divided by x?
87
Let o(r) = 21*r**2 - 70*r + 3. Suppose x - 9 + 3 = 0. Calculate the remainder when o(4) is divided by x.
5
Suppose 1749 = 157*p + 179. Suppose 2*q - 73 - 19 = 0. Calculate the remainder when q is divided by p.
6
Suppose 2*i - 10*i + 12720 = 151*i. Suppose -3*t = -4*q + 174, 0 = 5*q + 5*t + 19 - 219. Calculate the remainder when i is divided by q.
38
Let t = -24153 - -25174. What is the remainder when t is divided by 79?
73
Suppose -3*h = 4*z - 239 - 54, -3*z = 2*h - 220. Calculate the remainder when 67 is divided by 5/14*z + 40/70.
13
Suppose -3*z + z + 5*t = -137, 0 = 2*t - 2. Let y = z - 29. What is the remainder when (-66)/(-8)*(-20)/(-1) is divided by y?
39
Let l = 582 - 563. Suppose 243 + 51 = 6*b. What is the remainder when b is divided by l?
11
Suppose 5*g - 2823 = -3*d, 2*d = 4*g - 765 + 2669. Calculate the remainder when d is divided by 327.
292
Suppose -8*c + 46 = 398. Let n = 34 + -16. Calculate the remainder when c/(-220) - (-678)/10 is divided by n.
14
Let w(u) = 13*u**2 + 29*u + 0 - 19 + 16*u - 64*u. What is the remainder when 62 is divided by w(-1)?
10
Suppose 0*d = 10*d - 0*d. Suppose d = -23*r + 287 + 1369. Let w = 50 - 25. What is the remainder when r is divided by w?
22
Let v be 2/((-6)/(-150)*15/36). Let g be (-32)/(-8) + 236*1. Suppose 12*c = g + v. Calculate the remainder when 117 is divided by c.
27
Suppose 15*m = -5*r + 20*m + 965, -2*r = 5*m - 393. Calculate the remainder when r is divided by 27.
5
What is the remainder when 887 is divided by (9750/4)/13 - (-2)/(-4)?
139
What is the remainder when 94 is divided by (-1824)/(-480) + (-8)/10?
1
Let l(i) = i**2 - 6*i + 11. Let g be l(6). Suppose -g*r = -17*r. Calculate the remainder when 83 is divided by 6/(-15) - (r - 321/15).
20
Suppose 0 = m + n - 20 - 30, 4*m - 2*n - 224 = 0. Suppose -58 = -3*j - 5*o, m = 4*j + 3*o - o. Let k = j - -3. What is the remainder when 39 is divided by k?
11
What is the remainder when 3117 is divided by (4 + (-11 - -8))*26?
23
Suppose -37 = -h - 5*j, 3*h + 2074*j - 2069*j = 71. Calculate the remainder when 1548 is divided by h.
1
Suppose -4*t + 1178 = -2*x, -5*x - 1193 = 2*t - 6*t. Suppose -4*i + 20 = -t. Let h = 786 - 766. What is the remainder when i is divided by h?
18
Let c(i) = 22*i + 141. Let z be c(-6). Let x(v) = 2*v**3 - 18*v**2 + v + 12. What is the remainder when x(z) is divided by 9?
3
Suppose 0 = -5*z - 41 + 191. Suppose 76*t - 8544 = -50*t + 5064. Calculate the remainder when t is divided by z.
18
Let m be 471/(-2)*-6*(-2)/(-18). Suppose 5*g + 46*q - 44*q = m, 4*q = 4*g - 120. What is the remainder when 79 is divided by g?
17
Suppose -1905 = -55*f - 805. What is the remainder when 914 is divided by f?
14
Let y be 1/((-2)/8 + 15/12). Suppose 11 = 4*m - y. Suppose 4*s + m*x = 43, -5*s - 5*x + 53 = -s. Calculate the remainder when 25 is divided by s.
4
Let m(h) = -5*h**3 + 638*h**2 + 255*h + 208. Suppose 0 = 5*f - 247 + 72. Calculate the remainder when m(128) is divided by f.
10
Let b = -41 - -42. Let o be (-4 + b - -11) + -5. Suppose 0 = o*u - 0*u - 60. What is the remainder when u is divided by 6?
2
Suppose 0 = 2*l - 4*l + 4*o + 5054, -2521 = -l + o. What is the remainder when l is divided by 63?
58
Let q = -1054 - -1141. Calculate the remainder when q is divided by 28.
3
Let i = -73229 - -73296. Let r = 2 + 0. Calculate the remainder when i is divided by 46*(2 + (-3)/r).
21
Let g = -5243 - -7772. Calculate the remainder when g is divided by 110.
109
Let z(i) = -31*i**3 + i**2 + 6*i + 3. Calculate the remainder when z(-2) is divided by 37.
21
Suppose 0 = t - 4*u - 78, t + 7*u = 3*t - 157. Suppose t*h = 81*h + 175. What is the remainder when h is divided by 20?
15
Suppose 4*y = 4*l - 4, 5 = 3*l - 7. Suppose 5*z 